{"id":1254,"date":"2025-03-19T13:37:34","date_gmt":"2025-03-19T11:37:34","guid":{"rendered":"https:\/\/opisto.fi\/tilaa\/?post_type=product&#038;p=1254"},"modified":"2025-03-19T13:43:13","modified_gmt":"2025-03-19T11:43:13","slug":"b-auton-kaytto-tutkinnossa","status":"publish","type":"product","link":"https:\/\/opisto.fi\/tilaa\/tuote\/b-auton-kaytto-tutkinnossa\/","title":{"rendered":"B-auton k\u00e4ytt\u00f6 tutkinnossa"},"content":{"rendered":"","protected":false},"excerpt":{"rendered":"<p>Autokoulun henkil\u00f6auton k\u00e4ytt\u00f6 tutkinnossa.<\/p>\n","protected":false},"featured_media":1255,"template":"","meta":{"_vp_format_video_url":"","_vp_image_focal_point":[]},"product_cat":[33],"product_tag":[],"_links":{"self":[{"href":"https:\/\/opisto.fi\/tilaa\/wp-json\/wp\/v2\/product\/1254"}],"collection":[{"href":"https:\/\/opisto.fi\/tilaa\/wp-json\/wp\/v2\/product"}],"about":[{"href":"https:\/\/opisto.fi\/tilaa\/wp-json\/wp\/v2\/types\/product"}],"wp:featuredmedia":[{"embeddable":true,"href":"https:\/\/opisto.fi\/tilaa\/wp-json\/wp\/v2\/media\/1255"}],"wp:attachment":[{"href":"https:\/\/opisto.fi\/tilaa\/wp-json\/wp\/v2\/media?parent=1254"}],"wp:term":[{"taxonomy":"product_cat","embeddable":true,"href":"https:\/\/opisto.fi\/tilaa\/wp-json\/wp\/v2\/product_cat?post=1254"},{"taxonomy":"product_tag","embeddable":true,"href":"https:\/\/opisto.fi\/tilaa\/wp-json\/wp\/v2\/product_tag?post=1254"}],"curies":[{"name":"wp","href":"https:\/\/api.w.org\/{rel}","templated":true}]}}