{"id":386,"date":"2020-11-17T11:14:10","date_gmt":"2020-11-17T09:14:10","guid":{"rendered":"https:\/\/opisto.fi\/tilaa\/?post_type=product&#038;p=386"},"modified":"2026-02-18T12:52:49","modified_gmt":"2026-02-18T10:52:49","slug":"traktorikortin-koulutus","status":"publish","type":"product","link":"https:\/\/opisto.fi\/tilaa\/tuote\/traktorikortin-koulutus\/","title":{"rendered":"Traktorikortin koulutus"},"content":{"rendered":"","protected":false},"excerpt":{"rendered":"<p><strong>Sis\u00e4lt\u00e4\u00e4:<\/strong><br \/>\n4h EAS-koulutus + todistus<br \/>\nToimistopalvelut ma &#8211; pe klo 12 &#8211; 17<br \/>\n+ 74e viranomaismaksut<\/p>\n<p>Kun kurssi k\u00e4yty, sovi autokoulun kanssa teoriakokeen varaamisesta!<\/p>\n","protected":false},"featured_media":388,"template":"","meta":{"_vp_format_video_url":"","_vp_image_focal_point":[]},"product_cat":[34],"product_tag":[],"_links":{"self":[{"href":"https:\/\/opisto.fi\/tilaa\/wp-json\/wp\/v2\/product\/386"}],"collection":[{"href":"https:\/\/opisto.fi\/tilaa\/wp-json\/wp\/v2\/product"}],"about":[{"href":"https:\/\/opisto.fi\/tilaa\/wp-json\/wp\/v2\/types\/product"}],"wp:featuredmedia":[{"embeddable":true,"href":"https:\/\/opisto.fi\/tilaa\/wp-json\/wp\/v2\/media\/388"}],"wp:attachment":[{"href":"https:\/\/opisto.fi\/tilaa\/wp-json\/wp\/v2\/media?parent=386"}],"wp:term":[{"taxonomy":"product_cat","embeddable":true,"href":"https:\/\/opisto.fi\/tilaa\/wp-json\/wp\/v2\/product_cat?post=386"},{"taxonomy":"product_tag","embeddable":true,"href":"https:\/\/opisto.fi\/tilaa\/wp-json\/wp\/v2\/product_tag?post=386"}],"curies":[{"name":"wp","href":"https:\/\/api.w.org\/{rel}","templated":true}]}}