{"id":395,"date":"2020-11-17T11:32:20","date_gmt":"2020-11-17T09:32:20","guid":{"rendered":"https:\/\/opisto.fi\/tilaa\/?post_type=product&#038;p=395"},"modified":"2024-09-02T11:36:47","modified_gmt":"2024-09-02T08:36:47","slug":"moottoripyoran-lisaajotunti-1h","status":"publish","type":"product","link":"https:\/\/opisto.fi\/tilaa\/tuote\/moottoripyoran-lisaajotunti-1h\/","title":{"rendered":"Moottoripy\u00f6r\u00e4n lis\u00e4ajotunti 1H"},"content":{"rendered":"","protected":false},"excerpt":{"rendered":"<p>1 moottoripy\u00f6r\u00e4n lis\u00e4ajotunti, autokoulun py\u00f6r\u00e4ll\u00e4.<\/p>\n","protected":false},"featured_media":268,"template":"","meta":{"_vp_format_video_url":"","_vp_image_focal_point":[]},"product_cat":[33],"product_tag":[],"_links":{"self":[{"href":"https:\/\/opisto.fi\/tilaa\/wp-json\/wp\/v2\/product\/395"}],"collection":[{"href":"https:\/\/opisto.fi\/tilaa\/wp-json\/wp\/v2\/product"}],"about":[{"href":"https:\/\/opisto.fi\/tilaa\/wp-json\/wp\/v2\/types\/product"}],"wp:featuredmedia":[{"embeddable":true,"href":"https:\/\/opisto.fi\/tilaa\/wp-json\/wp\/v2\/media\/268"}],"wp:attachment":[{"href":"https:\/\/opisto.fi\/tilaa\/wp-json\/wp\/v2\/media?parent=395"}],"wp:term":[{"taxonomy":"product_cat","embeddable":true,"href":"https:\/\/opisto.fi\/tilaa\/wp-json\/wp\/v2\/product_cat?post=395"},{"taxonomy":"product_tag","embeddable":true,"href":"https:\/\/opisto.fi\/tilaa\/wp-json\/wp\/v2\/product_tag?post=395"}],"curies":[{"name":"wp","href":"https:\/\/api.w.org\/{rel}","templated":true}]}}