{"id":446,"date":"2020-11-19T15:30:25","date_gmt":"2020-11-19T13:30:25","guid":{"rendered":"https:\/\/opisto.fi\/tilaa\/?post_type=product&#038;p=446"},"modified":"2025-08-01T11:09:40","modified_gmt":"2025-08-01T08:09:40","slug":"moottoripyorakirja","status":"publish","type":"product","link":"https:\/\/opisto.fi\/tilaa\/tuote\/moottoripyorakirja\/","title":{"rendered":"Moottoripy\u00f6r\u00e4kirja (S\u00e4hk\u00f6inen)"},"content":{"rendered":"<p>E-kirja sis\u00e4lt\u00e4\u00e4 kirjan sis\u00e4ll\u00f6n digitaalisessa muodossa. E-kirjan lukemiseen tarvitaan p\u00e4\u00e4telaite, joka voi olla tietokone, tabletti, \u00e4lypuhelin tai lukulaite.<br \/>\nAktivoinnin j\u00e4lkeen e-kirja on k\u00e4ytett\u00e4viss\u00e4 yhden (1) vuoden ajan, jonka j\u00e4lkeen se on aktivoitava uudelleen samaan hintaan. Kirja on luettavissa vain selaimen kautta, joten se ei ole ladattavissa laitteelle.<\/p>\n","protected":false},"excerpt":{"rendered":"<p>Moottoripy\u00f6r\u00e4kirja on taas edelt\u00e4j\u00e4\u00e4ns\u00e4 parempi. Autokoululiiton virallinen moottoripy\u00f6r\u00e4kirja sis\u00e4lt\u00e4\u00e4 kaiken oleellisen tiedon motoristin perustaidoista ja on siten ensiarvoisen t\u00e4rke\u00e4 ty\u00f6kalu moottoripy\u00f6r\u00e4korttia suoritettaessa tai harrastusta aloitettaessa.<\/p>\n<p>Opittavat asiat ovat yksinkertaisessa ja selke\u00e4ss\u00e4 muodossa, jotta kirjaa on mukava lukea ja lukija ymm\u00e4rt\u00e4\u00e4 my\u00f6s tekniset asiat. Oppikirja toimii tehokkaana itseopiskelun ty\u00f6kaluna matkalla motoristiksi.<\/p>\n<p>Aktivoinnin j\u00e4lkeen e-kirja on k\u00e4ytett\u00e4viss\u00e4 yhden (1) vuoden ajan, jonka j\u00e4lkeen se on aktivoitava uudelleen samaan hintaan.<\/p>\n","protected":false},"featured_media":642,"template":"","meta":{"_vp_format_video_url":"","_vp_image_focal_point":[]},"product_cat":[30],"product_tag":[],"_links":{"self":[{"href":"https:\/\/opisto.fi\/tilaa\/wp-json\/wp\/v2\/product\/446"}],"collection":[{"href":"https:\/\/opisto.fi\/tilaa\/wp-json\/wp\/v2\/product"}],"about":[{"href":"https:\/\/opisto.fi\/tilaa\/wp-json\/wp\/v2\/types\/product"}],"wp:featuredmedia":[{"embeddable":true,"href":"https:\/\/opisto.fi\/tilaa\/wp-json\/wp\/v2\/media\/642"}],"wp:attachment":[{"href":"https:\/\/opisto.fi\/tilaa\/wp-json\/wp\/v2\/media?parent=446"}],"wp:term":[{"taxonomy":"product_cat","embeddable":true,"href":"https:\/\/opisto.fi\/tilaa\/wp-json\/wp\/v2\/product_cat?post=446"},{"taxonomy":"product_tag","embeddable":true,"href":"https:\/\/opisto.fi\/tilaa\/wp-json\/wp\/v2\/product_tag?post=446"}],"curies":[{"name":"wp","href":"https:\/\/api.w.org\/{rel}","templated":true}]}}