{"id":53,"date":"2020-08-25T16:16:27","date_gmt":"2020-08-25T13:16:27","guid":{"rendered":"https:\/\/opisto.fi\/tilaa\/?post_type=product&#038;p=53"},"modified":"2026-02-18T09:46:22","modified_gmt":"2026-02-18T07:46:22","slug":"mopo-4-5","status":"publish","type":"product","link":"https:\/\/opisto.fi\/tilaa\/tuote\/mopo-4-5\/","title":{"rendered":"Mopokurssi 3h ajoa"},"content":{"rendered":"","protected":false},"excerpt":{"rendered":"<p><strong>Sis\u00e4lt\u00e4\u00e4:<\/strong><br \/>\n4 h EAS-teoriaa<br \/>\n3 h ajoa<br \/>\nmopon k\u00e4yt\u00f6n tutkinnossa<br \/>\nToimistopalvelut ma &#8211; pe klo 12 &#8211; 17<\/p>\n<p><strong>Lis\u00e4tiedot:<\/strong><br \/>\n+110\u20ac viranomaismaksut<\/p>\n","protected":false},"featured_media":284,"template":"","meta":{"_vp_format_video_url":"","_vp_image_focal_point":[]},"product_cat":[18],"product_tag":[],"_links":{"self":[{"href":"https:\/\/opisto.fi\/tilaa\/wp-json\/wp\/v2\/product\/53"}],"collection":[{"href":"https:\/\/opisto.fi\/tilaa\/wp-json\/wp\/v2\/product"}],"about":[{"href":"https:\/\/opisto.fi\/tilaa\/wp-json\/wp\/v2\/types\/product"}],"wp:featuredmedia":[{"embeddable":true,"href":"https:\/\/opisto.fi\/tilaa\/wp-json\/wp\/v2\/media\/284"}],"wp:attachment":[{"href":"https:\/\/opisto.fi\/tilaa\/wp-json\/wp\/v2\/media?parent=53"}],"wp:term":[{"taxonomy":"product_cat","embeddable":true,"href":"https:\/\/opisto.fi\/tilaa\/wp-json\/wp\/v2\/product_cat?post=53"},{"taxonomy":"product_tag","embeddable":true,"href":"https:\/\/opisto.fi\/tilaa\/wp-json\/wp\/v2\/product_tag?post=53"}],"curies":[{"name":"wp","href":"https:\/\/api.w.org\/{rel}","templated":true}]}}