{"id":915,"date":"2024-02-14T14:04:19","date_gmt":"2024-02-14T12:04:19","guid":{"rendered":"https:\/\/opisto.fi\/tilaa\/?post_type=product&#038;p=915"},"modified":"2025-02-24T15:22:35","modified_gmt":"2025-02-24T13:22:35","slug":"autokoulun-peravaunukirja-paperi-kirja","status":"publish","type":"product","link":"https:\/\/opisto.fi\/tilaa\/tuote\/autokoulun-peravaunukirja-paperi-kirja\/","title":{"rendered":"Per\u00e4vaunukirja (Paperi \/ Kirja)"},"content":{"rendered":"","protected":false},"excerpt":{"rendered":"<p>Autokoulun per\u00e4vaunukirja on Autokoululiiton hyv\u00e4ksym\u00e4 kirja, joka sis\u00e4lt\u00e4\u00e4 kaiken oleellisen tiedon B-, B96- ja BE-luokkaan kuuluvien per\u00e4vaunujen kuljettamisesta. Per\u00e4vaunukirjassa k\u00e4sitell\u00e4\u00e4n ajokorttiluokkia, ajoneuvoyhdistelmi\u00e4, yhdistelmien massoja, kytkent\u00f6j\u00e4, kuormaamista ja ajamista ajoneuvoyhdistelm\u00e4ll\u00e4 ja se soveltuu erinomaisesti B-, B96- ja BE-luokan per\u00e4vaunuja k\u00e4sittelev\u00e4\u00e4n opetukseen.<\/p>\n<p>Henkil\u00f6- tai pakettiauton ja per\u00e4vaunun yhdistelmiin liittyvi\u00e4 m\u00e4\u00e4r\u00e4yksi\u00e4 voi olla hankala muistaa tai ymm\u00e4rt\u00e4\u00e4 ja siksi erityisesti n\u00e4m\u00e4 asiat ovat k\u00e4sitelty t\u00e4ss\u00e4 kirjassa perusteellisesti.<\/p>\n","protected":false},"featured_media":647,"template":"","meta":{"_vp_format_video_url":"","_vp_image_focal_point":[]},"product_cat":[30],"product_tag":[],"_links":{"self":[{"href":"https:\/\/opisto.fi\/tilaa\/wp-json\/wp\/v2\/product\/915"}],"collection":[{"href":"https:\/\/opisto.fi\/tilaa\/wp-json\/wp\/v2\/product"}],"about":[{"href":"https:\/\/opisto.fi\/tilaa\/wp-json\/wp\/v2\/types\/product"}],"wp:featuredmedia":[{"embeddable":true,"href":"https:\/\/opisto.fi\/tilaa\/wp-json\/wp\/v2\/media\/647"}],"wp:attachment":[{"href":"https:\/\/opisto.fi\/tilaa\/wp-json\/wp\/v2\/media?parent=915"}],"wp:term":[{"taxonomy":"product_cat","embeddable":true,"href":"https:\/\/opisto.fi\/tilaa\/wp-json\/wp\/v2\/product_cat?post=915"},{"taxonomy":"product_tag","embeddable":true,"href":"https:\/\/opisto.fi\/tilaa\/wp-json\/wp\/v2\/product_tag?post=915"}],"curies":[{"name":"wp","href":"https:\/\/api.w.org\/{rel}","templated":true}]}}